Suppose -3 = 3*b - a - 14, -4*a - 23 = -5*b. Suppose b*j + 18 = -3*x, -x + 7*j = 2*j + 30. What is the tens digit of (255/x)/(1/(-2))?
5
Let a be (-3)/(15/20) - -276. What is the tens digit of a/6 + 4/6?
4
Let m(s) = 2875*s + 5. Let p be m(1). Suppose -22*a + 6*a = -p. What is the tens digit of a?
8
Suppose 3*g - 5*j - 15 = -0*g, 3*j = -9. Suppose x + g*d - 2*d = 61, 3*x = -3*d + 165. What is the tens digit of x?
5
Suppose 3*n - 120 = -2*v, 0 = -5*n + 4*n + 3*v + 40. Let r = n + 61. What is the units digit of r?
1
Suppose -o = -4*o. Suppose 39*n - 644 = 11*n. Suppose 2*z - z - n = o. What is the tens digit of z?
2
What is the tens digit of 1/(2 + 1953/(-978))?
2
Let q(t) = 6*t**2 - 7*t - 10. Let g be q(9). Suppose h + 4*h + 4*i = 423, -g = -5*h + i. Let d = h + -58. What is the tens digit of d?
2
Let h(r) = r - 4. Let d be h(8). Suppose d*z - 242 = -2*o, -5*z + 2*o - o = -285. What is the tens digit of z?
5
Let g = 17 - 19. What is the units digit of (4392/14)/2 + g/(-14)?
7
What is the hundreds digit of (-28)/(-112) - 726*159/(-24)?
8
Let x(l) = -5*l + 1603. What is the units digit of x(0)?
3
Let n be 464/4 - (1 + -5). Suppose -2*z + 4*q = -n, -5*z + 174 = -2*z - 4*q. What is the units digit of z?
4
Suppose -3*s - 292 = -5*s. Suppose -3*c + u = -242, 2*c - 17 - s = -u. What is the tens digit of c?
8
Let l be 12 + -2 - (4 + -1). Let f be 360/84 + (-2)/l. Suppose -g + 21 = -x, 0 = f*x + 3 - 11. What is the tens digit of g?
2
Let m(w) = -w**2 + 5*w + 6. Let q(y) = -2*y**2 + 4*y + 5. Let k be 3/(0 - (-9)/15). Let z(p) = k*m(p) - 6*q(p). What is the units digit of z(-1)?
6
Suppose -3*d + 21 + 13 = -4*p, -5*d + 14 = 4*p. Suppose 4*l - d*l = -6. Let n = l + 9. What is the tens digit of n?
1
What is the hundreds digit of -1 - (4 + -278 + -7 + 4)?
2
Suppose -4*x - 37*j + 36*j = -4047, -1015 = -x + 3*j. What is the hundreds digit of x?
0
Let r(x) = 7*x + 52. Let p = -144 - -155. What is the units digit of r(p)?
9
Let k(o) = -20*o + 61. Let q(a) = 10*a - 30. Let s(w) = -6*k(w) - 13*q(w). What is the units digit of s(-9)?
4
Let v(y) = y**2 - 4 - y - 2*y + 7*y. Suppose -3*w = -a + 19, -2*a = -6*a - w + 11. What is the tens digit of v(a)?
2
Let k(i) = 2*i**3 - 3*i**2 + 2*i - 4. Let f be k(2). Suppose -y + 1 = -4, f*q - y = 283. What is the tens digit of q?
7
Suppose 3*h = h + 4. Let t = -1 - h. What is the tens digit of 31/t*-3*1?
3
Let d = -7 + 14. Suppose b + d*b = 72. What is the units digit of b?
9
Suppose 8*s - 10*s + 10 = 0. Suppose 4*h - s + 9 = 0. Let o(l) = 31*l**2 + l. What is the units digit of o(h)?
0
Let p(c) = c**2. Suppose 0 = -i + 5*d - 2, -4*i + 2*d = 6*d + 8. Let y be p(i). Suppose 4*g - g + y*b = 90, 0 = -g + 5*b + 11. What is the tens digit of g?
2
Suppose 10*h - 7406 = -4*h. What is the hundreds digit of h?
5
Let a = -31 + 33. Let y(l) = 3*l + 3. What is the units digit of y(a)?
9
Suppose 0 = -l - 15*h + 14*h + 1078, -h = 3*l - 3236. What is the thousands digit of l?
1
What is the tens digit of (-390)/(-9)*(4 + (-56)/(-10))?
1
Let w(x) = x**2 - 10*x + 11. Let c be w(9). Let g = c + -4. What is the units digit of 1/(g/6) - -36?
3
Suppose l - 2*l + 5 = 0. Suppose 4 = b + 3*i, l*b + i + 14 = 3*i. What is the units digit of (-4)/(8/10)*b?
0
Suppose 3*l = -223 + 934. What is the tens digit of l?
3
What is the tens digit of 2000/4 + (-4)/((-24)/(-18))?
9
Suppose -3*s + 3*x - 14 = 43, -3*s - 2*x = 37. What is the tens digit of s/30 + (567/2)/3?
9
Let n(d) = -3*d**2 - 16*d + 3. Let j(x) = -6*x**2 - 33*x + 5. Let c(g) = -2*j(g) + 5*n(g). What is the tens digit of c(-4)?
1
Let c = -54 + 56. What is the tens digit of (-6)/(c*(-9)/240)?
8
Let i be (-254)/8 - (-42)/56. Let p = i - -27. What is the units digit of (-3)/(-6)*102 - p?
5
Let w = -415 + 1061. What is the units digit of w?
6
Suppose 744 + 51 = 3*s. Suppose -5*a + s = -85. Suppose -r + 37 = -2*h, r + a = 3*r - 5*h. What is the tens digit of r?
4
Let n = -14 - -4. Let b = n + 15. Suppose 3*d = q + 50 - 8, b*d = -5*q + 70. What is the tens digit of d?
1
Suppose 93 = 10*m - 4107. What is the units digit of m?
0
Let h = 30 + -7. Suppose 5*r - 2*l + 0*l = 27, 2*r - 14 = 4*l. Suppose h = 2*j + r. What is the units digit of j?
9
Let r(i) = 16*i**2 + 5*i - 3. What is the units digit of r(5)?
2
What is the thousands digit of (-4)/8*-2662 + 4 + -10?
1
Suppose 0 = 3*t - 0*t + 4*u - 34, 2*t - 22 = -3*u. What is the units digit of t?
4
Let o be (965/15)/(3/9). Let m = -3 + o. What is the tens digit of m?
9
Let c be (228/36)/((-2)/(-6)). Let r = -18 + c. What is the units digit of r?
1
Let d(r) = 14*r**2 - 3. What is the tens digit of d(5)?
4
Suppose -2*l = -2*x + l + 3, -3*x + l + 8 = 0. Let q be -5*(-2)/10*x. Suppose 3*u - 4*f - 3 = -0*u, 3*u - f - q = 0. What is the units digit of u?
1
What is the units digit of ((-145)/2 + 8)*-2?
9
Suppose 36*h - 44 = 35*h. Let q = 16 + h. What is the tens digit of q?
6
Suppose -8 = -5*x + 7. Let d(a) = -a**3 - 3*a**2 + 4*a. Let c(v) = v**3 + 4*v**2 - 3*v - 1. Let q(m) = x*c(m) + 2*d(m). What is the units digit of q(-6)?
3
Let y(m) = -m**2 + 14*m + 10. Suppose -3*h + 0*h = -9, h = -3*o + 30. What is the units digit of y(o)?
5
Suppose -2*b + 0 = -24. Let v(y) = y**3 - 11*y**2 - 12*y + 2. Let u be v(b). Suppose -2*k - u + 32 = -i, -42 = -2*k - 2*i. What is the units digit of k?
7
Suppose 4*g - a - 1294 = -239, 0 = -3*a + 15. Let x = -151 + g. What is the units digit of x?
4
Suppose -84324 = -130*r - 10874. What is the units digit of r?
5
Let k(h) = -15*h. Let v(n) = -n - 11. Let z(f) = -1. Let p(x) = v(x) - 3*z(x). Let m be p(-5). What is the units digit of k(m)?
5
Let m be (-1)/4 - (-4)/16. Let k(s) = s**2 - 2*s - 64. Let l be k(m). Let h = -38 - l. What is the tens digit of h?
2
Suppose v - 5 + 3 = 0. Suppose 0 = v*o - 332 + 52. Suppose 4*i + o = 8*i + 4*a, 0 = 2*i + 3*a - 75. What is the units digit of i?
0
Let j(f) = -4*f - 2. Suppose -20 = 2*v + p, -v + 60 = -6*v - 5*p. Let u = v + -1. What is the units digit of j(u)?
4
Let y(p) be the second derivative of -p**5/20 + 5*p**4/6 - 5*p**3/2 + p**2/2 - 15*p. What is the tens digit of y(6)?
5
Let c(f) = -5 + 62*f**3 - f**2 - 2*f + 60*f**3 - 121*f**3. What is the units digit of c(5)?
5
Suppose -3*w + 85 = 5*v + 2*w, v + 5*w = 25. Suppose 3*b + v = -d, 4*d + 30 = d - 4*b. What is the tens digit of 3/d - (-41)/2?
2
Let m be 128/(-24)*9/(-4). Suppose -m = -4*p + 3*q + q, 4*q = -4. Suppose 7*i - 2*d - 152 = p*i, -5*i + 156 = -d. What is the tens digit of i?
3
Let o = -252 - -450. What is the units digit of o?
8
Suppose -22*m - 21728 = -4*l - 18*m, 5*m + 16300 = 3*l. What is the units digit of l?
0
Let r(u) = u**2 - 22*u + 286. What is the thousands digit of r(-35)?
2
Let b be 4 - (-1 + -2 + -1). Let u(p) = -7*p - 5*p + 16*p - 21 - b*p. What is the units digit of u(-9)?
5
Suppose -16 = 4*o + g, -2*o = o - 2*g + 1. Let y = o - -9. Suppose -5 = c - y. What is the units digit of c?
1
Suppose 3*y - 330 = -2*r, -5 - 160 = -r - 4*y. What is the hundreds digit of r?
1
Let i be (-1117)/(-1) - (-5 + (6 - 1)). Suppose 14*p - 2873 - i = 0. What is the tens digit of p?
8
Suppose -2*r + 30 = 3*j - 10, j - 5*r - 2 = 0. Let p be (-3)/j*10*-6. What is the units digit of 12/p*125/2?
0
Let q be (-10)/4*8/(-10). Let l be (-1)/2*2*q. What is the units digit of 3 - (-19 - l - 0)?
0
Let n(x) = 853*x**2 + 6*x - 1. What is the tens digit of n(-1)?
4
Suppose s - 156 = 144. Let t = s - 207. What is the tens digit of t?
9
Suppose 2*y - 9 = 119. Let f = 92 - y. Let q = -19 + f. What is the units digit of q?
9
Suppose 2*a + 11524 = 5*c, 0 = -4*c - 15*a + 13*a + 9230. What is the thousands digit of c?
2
Suppose 4*w + 53 = v + 2*w, 0 = -4*v - 4*w + 212. Suppose 2*m - 2*a + v = 607, m + 2*a - 262 = 0. What is the tens digit of m?
7
What is the thousands digit of (-3130)/(-3)*6*7/35?
1
Let m(v) = v**3 + 6*v**2 + 4*v - 5. Let w be m(-5). Suppose w = q - 2*l + 19, 2*q + l + 35 = 12. Let t = q + 31. What is the tens digit of t?
1
Suppose 5 = -d + 8, m - 884 = 5*d. What is the units digit of m?
9
Suppose 5*n + 35 = s, 5*n = -2*s + 5*s - 45. Let g(l) = 3*l**2 - 5*l. What is the hundreds digit of g(n)?
1
Let f(o) = 9*o - 15. Let r be f(2). Suppose q = 151 + r. What is the tens digit of q?
5
Let u = -9860 + 13853. What is the thousands digit of u?
3
Let k(r) 